 99.
33
Let h(q) = -13*q - 151. Let i be h(-12). Suppose -x + 7 + 61 = 4*s, -4*s + 20 = 0. Calculate the remainder when x is divided by 55/i - (-9 - -3).
14
Let k = -8082 + 8687. What is the remainder when k is divided by 54?
11
Suppose -2*h - 10 = -4*m, h + h - m = -25. Let j be 133/h + 34/(-30) + 1. Let x(v) = -3*v - 4. What is the remainder when 43 is divided by x(j)?
20
Let a(p) = 2*p + 1. Let h be a(16). Suppose 22*q - 33 = h. What is the remainder when q is divided by 3?
0
Let v = -29 + 46. Suppose 993 = v*k + 364. What is the remainder when k is divided by 28?
9
Let x(n) = n**2 + n + 11. Let f be (20/(-70))/(3/(-42)*2). What is the remainder when (-14)/(-7)*(95/f + -5) is divided by x(0)?
8
Suppose 2*i - 2*y = 6422, 3*i + 27*y - 28*y - 9643 = 0. What is the remainder when i is divided by 29?
26
Let v be (0 - 4)/(1/5). Let b = v - -55. Suppose 5425 + 1915 = 367*f. What is the remainder when b is divided by f?
15
Suppose 0 = 3*o + 2*o - 485. Let d = 13105 - 13076. What is the remainder when o is divided by d?
10
Let p = 556 - 538. Suppose -o + p = -100. Calculate the remainder when o is divided by 30.
28
Let c = 255 - -995. What is the remainder when c is divided by 34?
26
Let a(o) = -o**3 - 18*o**2 + 8*o + 42. Let r be a(-17). What is the remainder when r/((5/(-2))/5) is divided by 48?
46
Let l = 8694 - 8676. Calculate the remainder when 12/6*(-83)/(-2) is divided by l.
11
Let t(b) = b**2 + 6*b + 18. Let y be t(-7). Suppose -y*m + 27*m = 262. What is the remainder when m is divided by 23?
16
Suppose x = 6*x - 105. What is the remainder when 520/(-1820)*994/(-4) is divided by x?
8
Suppose x + 1011 = 4*w - 1007, -4*x = -5*w + 2506. Calculate the remainder when w is divided by 30.
26
Suppose 5*k - 990 = -5*f, 3*k = -9*f + 10*f - 178. Calculate the remainder when 9455 is divided by f.
191
Suppose -2*s - 3*s = -15. Let f(h) = 27*h**3 + 5*h**2 - 7*h + 3. What is the remainder when (339/(-6) + s)*-2 is divided by f(1)?
23
Suppose 3*l = -4*j + 135, 4*l = 4*j - 151 - 5. Let n = -125 - -256. Calculate the remainder when n is divided by j.
23
Suppose b + 165 - 210 = 0. Suppose -169 + b = -2*o. What is the remainder when 118 is divided by o?
56
Calculate the remainder when 15981 is divided by 527/4 - (630/(-24) - -27).
130
Suppose -1487 = -2*h - 3*d, 5*h + 342*d - 344*d - 3746 = 0. What is the remainder when h is divided by 82?
10
Let k = 55062 + -54894. What is the remainder when k is divided by -19*(-1 + 0/(-1))?
16
Suppose 8*s - 548 = 4*s. Suppose 5*y - 113 = -2*n, 15*n = 19*n - 9*y - 321. Calculate the remainder when s is divided by n.
68
Suppose -3916 - 2763 = -56*q - 911. Calculate the remainder when q is divided by 7.
5
Let n(b) = 188*b + 5754. Calculate the remainder when n(23) is divided by 30.
28
Suppose 2*z + 1 = -3*w + 564, 5*w - 4*z - 953 = 0. What is the remainder when w is divided by (38/3)/((-4)/(-6))?
18
Suppose 18*v + 25*v - 2943 = 16*v. Calculate the remainder when 662 is divided by v.
8
Suppose 5 + 3 = l. Let o(m) be the second derivative of -m**5/20 + 3*m**4/4 - m**3/6 - 19*m**2/2 - 8*m. Calculate the remainder when o(8) is divided by l.
5
Suppose -k + g - 959 = -0*g, 0 = -2*k + 5*g - 1924. Calculate the remainder when 2/(-12) + k/(-18) - -4 is divided by 10.
7
Let r(n) = -n**3 + 14*n**2 + 51*n + 20. Calculate the remainder when 406 is divided by r(17).
6
Let d = 308 + -181. Calculate the remainder when 1492 is divided by d.
95
Let z be 1/(-2*(-6)/216). Suppose u - 6 = -o, -z = -9*o + 8*o + 3*u. What is the remainder when o is divided by (-2)/8 + 52/16?
0
Let h = 8307 + -7774. What is the remainder when h is divided by 85?
23
Suppose -w - 3*k = -210, -5*w + k - 2*k + 1050 = 0. Suppose -w*t + 336 = -204*t. What is the remainder when t is divided by 20?
16
Suppose 2*s + 8 = 4*l, -s = -5*l - 2 + 21. Suppose -252 = -s*h + 234. Let o(b) = b**3 + 8*b**2 + 9*b + 4. What is the remainder when h is divided by o(-6)?
15
Let k(c) = 8*c**2 - 6*c - 6. Let y(l) = -4*l - 26. Let b be y(16). Let n = 89 + b. What is the remainder when 55 is divided by k(n)?
7
Let a(g) = 2*g + 19. Let h be a(6). Suppose -5*i - 14 = -4*p - 50, 4*i = p + h. What is the remainder when i is divided by 3/(-3)*(4 + -7)?
2
Let u(o) = 9*o**3 + 3*o**2 - 22*o + 6. Let s be u(3). Let z = 240 - s. Calculate the remainder when 107 is divided by z.
17
Suppose -13866 = -159*i + 153*i. What is the remainder when i is divided by 17?
16
Suppose 0 = 1085*b - 1074*b - 187. Calculate the remainder when b is divided by 10.
7
Let d(z) = -z**2 + 18*z - 64. Let q be d(13). Calculate the remainder when q*((-3*8)/(-6) - -263) is divided by 18.
15
Let r(f) = 7*f - 43. Let i be r(7). Let p(u) = 12*u - 40. Calculate the remainder when (248/(-6))/((-3)/9) is divided by p(i).
28
Let j = -1614 + 2030. What is the remainder when j is divided by 38?
36
Let w be ((-6)/4)/(22/264). Let l be w/(-3)*44/8. Calculate the remainder when 62 is divided by (-44)/(-3)*l/22.
18
Let b be (-1250)/16 - 6/(-48). Let k = b + 136. Let o = -378 - -393. Calculate the remainder when k is divided by o.
13
Let h(x) = 7*x + 28. Let l be 7 + (0 - (-1 - -3)). Suppose -l*c + 158 = 3*f, 8*c - 3*c = -f + 166. Calculate the remainder when h(15) is divided by c.
31
Let i(n) = -n**3 - 8 + 18*n - 1 - 40*n - 2*n**2 - 11*n**2. Let b be i(-11). What is the remainder when 26 is divided by (-1 + (-51)/b + -2)*6?
10
Calculate the remainder when 1476 is divided by (3/4)/((-11)/(-1848)).
90
Suppose 896*c = 904*c - 6048. Let s = c - 679. Calculate the remainder when s is divided by 8.
5
Calculate the remainder when 853 is divided by (-1)/((-1)/1*(-45 + 44))*-125.
103
Suppose -2*t - 20 = r, t + 5 = 2*r - 5*r. Suppose -84*h - 3*j - 19 = -85*h, h = j + 7. Calculate the remainder when 20 is divided by 1/h*-4 - t.
6
Suppose 324*x - 174936 = 102*x. Calculate the remainder when x is divided by 49.
4
Suppose -1374 = -4*n + 5*h, 5*n = -41*h + 37*h + 1738. Calculate the remainder when n is divided by 35.
31
Let n = 189 - 226. Calculate the remainder when 34 is divided by (n/74)/((-1)/22).
1
Suppose -6*f = -6378 - 4085 - 9919. What is the remainder when f is divided by 85?
82
Suppose 38 = f + 3*d, 2*f - 130 = -142*d + 145*d. What is the remainder when 1510 is divided by f?
54
Let f(x) = 28*x + 947. Calculate the remainder when f(-19) is divided by 407.
8
Let j(y) = y**3 - 2*y**2 + y + 5. Suppose -3*p = -0*p - 12. Let n = 194 + -74. Calculate the remainder when n is divided by j(p).
38
Let n = -372238 - -372647. What is the remainder when n is divided by 1 - 1 - -1 - -81?
81
Let b(n) = 8*n - 5. Let u be b(1). Suppose 8*a = -u*a + 891. Suppose -3*z - 2*h + 231 = 0, -3*h = -z - 5*h + a. Calculate the remainder when z is divided by 13.
10
Suppose -34*s + 36*s = 4. Let a(m) be the second derivative of m**3/6 + 3*m**2/2 - 6*m. What is the remainder when s is divided by a(-2)?
0
Let x = 93 - 56. Suppose -8*b - c + x = -4*b, 0 = -c + 5. Suppose b*f = 17*f - 135. What is the remainder when f is divided by 12?
3
Let l be 25*10/75*24. Let v = l - -16. Suppose 16*d - 19*d = -v. Calculate the remainder when 126 is divided by d.
30
Suppose -3*p + 9 = -4*t, -2*p + 50*t - 46*t = 2. What is the remainder when 24 is divided by p?
2
Suppose 5*k = c + 107, 0 = 38*k - 37*k + c - 19. Suppose -23 = 2*t + 5*p + 12, 25 = 5*p. Let h = t + 111. Calculate the remainder when h is divided by k.
18
Let r(n) = n**3 - 51*n**2 + 103*n - 195. Let k be 52/3*12/(-8). Let x = k - -43. Calculate the remainder when r(49) is divided by x.
16
Let q = 6614 + -5147. What is the remainder when q is divided by 35?
32
Let p(t) = 2*t**2 + 437*t - 2568. Calculate the remainder when 284 is divided by p(6).
32
Suppose 6*u + 41*u + 2*u - 1127 = 0. Suppose -t = 4*k - 360, 2*k + t - 86 = 94. Calculate the remainder when k is divided by u.
21
Let z(s) = -110*s + 1444. Calculate the remainder when 14506 is divided by z(12).
122
Suppose 0 = -4*i - i - 215. Let n = -57 - i. What is the remainder when 52 is divided by 0 - 0/2 - n?
10
Let o(k) = -k**3 + 18*k**2 - 1. Let g be o(18). What is the remainder when (0 + 22)/((-4)/(-34)) is divided by (2 - 16/7)/(g/133)?
35
Let a(d) be the third derivative of d**5/30 - 17*d**4/24 - 23*d**3/3 - 128*d**2. Calculate the remainder when a(14) is divided by 57.
51
Su